 is divided by 24.
20
Calculate the remainder when 571134 is divided by 736.
734
What is the remainder when 10454 is divided by 56?
38
What is the remainder when 151294 is divided by 246?
4
Calculate the remainder when 13530 is divided by 347.
344
What is the remainder when 1518700 is divided by 45?
40
Calculate the remainder when 45333 is divided by 3776.
21
Calculate the remainder when 8164 is divided by 1631.
9
What is the remainder when 22620 is divided by 636?
360
Calculate the remainder when 8264 is divided by 4114.
36
Calculate the remainder when 143493 is divided by 10.
3
What is the remainder when 59330 is divided by 93?
89
What is the remainder when 12105 is divided by 64?
9
Calculate the remainder when 861 is divided by 44.
25
What is the remainder when 33947 is divided by 152?
51
What is the remainder when 5602 is divided by 1857?
31
Calculate the remainder when 12542 is divided by 1234.
202
What is the remainder when 312797 is divided by 170?
167
What is the remainder when 148519 is divided by 79?
78
What is the remainder when 14476 is divided by 4746?
238
Calculate the remainder when 7733 is divided by 593.
24
Calculate the remainder when 23620 is divided by 161.
114
What is the remainder when 6909 is divided by 2534?
1841
Calculate the remainder when 6653 is divided by 16.
13
Calculate the remainder when 2149 is divided by 310.
289
Calculate the remainder when 38018 is divided by 114.
56
What is the remainder when 12472 is divided by 6200?
72
Calculate the remainder when 158813 is divided by 224.
221
Calculate the remainder when 196 is divided by 146.
50
What is the remainder when 3691 is divided by 86?
79
Calculate the remainder when 78745 is divided by 66.
7
What is the remainder when 29457 is divided by 58?
51
What is the remainder when 14055 is divided by 877?
23
What is the remainder when 16067 is divided by 803?
7
Calculate the remainder when 664382 is divided by 56.
54
Calculate the remainder when 3586084 is divided by 23.
16
What is the remainder when 848 is divided by 317?
214
What is the remainder when 319718 is divided by 53286?
2
What is the remainder when 117184 is divided by 29296?
0
What is the remainder when 38031 is divided by 2386?
2241
Calculate the remainder when 4827 is divided by 646.
305
What is the remainder when 6694 is divided by 18?
16
Calculate the remainder when 217 is divided by 156.
61
What is the remainder when 9363 is divided by 223?
220
What is the remainder when 1862 is divided by 170?
162
What is the remainder when 38083 is divided by 108?
67
What is the remainder when 90460 is divided by 29?
9
Calculate the remainder when 8246 is divided by 43.
33
Calculate the remainder when 136607 is divided by 83.
72
What is the remainder when 10127 is divided by 676?
663
What is the remainder when 2240 is divided by 11?
7
What is the remainder when 3376 is divided by 104?
48
Calculate the remainder when 2491 is divided by 208.
203
Calculate the remainder when 71229 is divided by 23.
21
What is the remainder when 8297 is divided by 8287?
10
What is the remainder when 7170 is divided by 2382?
24
Calculate the remainder when 1151 is divided by 64.
63
Calculate the remainder when 839381 is divided by 232.
5
What is the remainder when 196389 is divided by 32726?
33
What is the remainder when 7115 is divided by 1721?
231
What is the remainder when 10108 is divided by 421?
4
Calculate the remainder when 33540 is divided by 1240.
60
Calculate the remainder when 2836 is divided by 2812.
24
Calculate the remainder when 1632 is divided by 401.
28
Calculate the remainder when 34570 is divided by 24.
10
Calculate the remainder when 4392 is divided by 2188.
16
Calculate the remainder when 18325 is divided by 559.
437
What is the remainder when 36784 is divided by 55?
44
Calculate the remainder when 13860 is divided by 19.
9
What is the remainder when 699213 is divided by 24?
21
Calculate the remainder when 17361 is divided by 8658.
45
Calculate the remainder when 173879 is divided by 189.
188
What is the remainder when 5306 is divided by 580?
86
Calculate the remainder when 182872 is divided by 41.
12
What is the remainder when 82089 is divided by 382?
341
What is the remainder when 7942 is divided by 78?
64
Calculate the remainder when 2395759 is divided by 1197873.
13
What is the remainder when 135778 is divided by 794?
4
What is the remainder when 3490 is divided by 97?
95
Calculate the remainder when 515440 is divided by 30319.
17
What is the remainder when 26433 is divided by 33?
0
Calculate the remainder when 130632 is divided by 26126.
2
What is the remainder when 8720 is divided by 1213?
229
What is the remainder when 353602 is divided by 212?
198
What is the remainder when 69626 is divided by 55?
51
What is the remainder when 235015 is divided by 46976?
135
Calculate the remainder when 3882 is divided by 1935.
12
What is the remainder when 76949 is divided by 64?
21
Calculate the remainder when 4497 is divided by 1183.
948
Calculate the remainder when 58206 is divided by 62.
50
What is the remainder when 622 is divided by 101?
16
Calculate the remainder when 131458 is divided by 271.
23
Calculate the remainder when 17465 is divided by 190.
175
Calculate the remainder when 52579 is divided by 24.
19
Calculate the remainder when 12793 is divided by 68.
9
Calculate the remainder when 19436 is divided by 1213.
28
Calculate the remainder when 614708 is divided by 319.
314
What is the remainder when 85961 is divided by 7161?
29
Calculate the remainder when 4932 is divided by 2302.
328
Calculate the remainder when 6771 is divided by 27.
21
Calculate the remainder when 2942 is divided by 647.
354
Calculate the remainder when 23205 is divided by 12.
9
Calculate the remainder when 26352 is divided by 420.
312
What is the remainder when 38070 is divided by 12588?
306
What is the remainder when 13374 is divided by 21?
18
Calculate the remainder when 4377965 is divided by 56.
53
What is the remainder when 2828 is divided by 178?
158
What is the remainder when 10470 is divided by 41?
15
Calculate the remainder when 1043097 is divided by 475.
472
What is the remainder when 14417 is divided by 515?
512
What is the remainder when 2892 is divided by 2890?
2
What is the remainder when 39195 is divided by 94?
91
Calculate the remainder when 26494 is divided by 138.
136
What is the remainder when 80026 is divided by 2221?
70
What is the remainder when 10860 is divided by 10851?
9
Calculate the remainder when 25547 is divided by 491.
15
What is the remainder when 603 is divided by 31?
14
Calculate the remainder when 1581 is divided by 223.
20
What is the remainder when 7203 is divided by 599?
15
What is the remainder when 3919 is divided by 959?
83
What is the remainder when 20984 is divided by 5245?
4
Calculate the remainder when 383192 is divided by 22.
18
Calculate the remainder when 8147 is divided by 8102.
45
Calculate the remainder when 1419 is divided by 46.
39
Calculate the remainder when 42660 is divided by 21326.
8
Calculate the remainder when 82837 is divided by 45.
37
What is the remainder when 4829 is divided by 528?
77
What is the remainder when 6978 is divided by 1740?
18
What is the remainder when 322346 is divided by 22?
2
Calculate the remainder when 1304 is divided by 55.
39
What is the remainder when 131081 is divided by 679?
34
What is the remainder when 3988236 is divided by 307?
306
Calculate the remainder when 41818 is divided by 6966.
22
What is the remainder when 238131 is divided by 206?
201
What is the remainder when 16647 is divided by 9?
6
Calculate the remainder when 8019 is divided by 2003.
7
What is the remainder when 6956 is divided by 6886?
70
Calculate the remainder when 5383 is divided by 543.
496
What is the remainder when 415176 is divided by 227?
220
What is the remainder when 7648 is divided by 7607?
41
What is the remainder when 16424 is divided by 317?
257
What is the remainder when 26309 is divided by 13141?
27
What is the remainder when 10122 is divided by 1117?
69
What is the remainder when 816 is divided by 816?
0
What is the remainder when 69217 is divided by 292?
13
Calculate the remainder when 186855 is divided by 106.
83
What is the remainder when 265853 is divided by 128?
125